emainder when 3446 is divided by 68?
46
Calculate the remainder when 46297 is divided by 3561.
4
Calculate the remainder when 1014 is divided by 1008.
6
What is the remainder when 4188 is divided by 13?
2
Calculate the remainder when 304810 is divided by 93.
49
Calculate the remainder when 1460 is divided by 1381.
79
What is the remainder when 9797 is divided by 46?
45
What is the remainder when 174875 is divided by 13?
12
Calculate the remainder when 21944 is divided by 3.
2
Calculate the remainder when 8994 is divided by 2998.
0
What is the remainder when 8224 is divided by 1060?
804
Calculate the remainder when 340359 is divided by 66.
63
What is the remainder when 2310 is divided by 757?
39
What is the remainder when 1452 is divided by 322?
164
What is the remainder when 153779 is divided by 94?
89
What is the remainder when 4435 is divided by 25?
10
What is the remainder when 889034 is divided by 132?
14
What is the remainder when 1240658 is divided by 141?
140
Calculate the remainder when 384086 is divided by 1243.
1242
Calculate the remainder when 2991 is divided by 1240.
511
Calculate the remainder when 67535 is divided by 22499.
38
What is the remainder when 52816 is divided by 19?
15
What is the remainder when 6868 is divided by 15?
13
Calculate the remainder when 978 is divided by 425.
128
Calculate the remainder when 110157 is divided by 18356.
21
Calculate the remainder when 31197 is divided by 547.
18
What is the remainder when 52351 is divided by 41?
35
What is the remainder when 31242 is divided by 1160?
1082
What is the remainder when 4815 is divided by 134?
125
What is the remainder when 5248 is divided by 1287?
100
Calculate the remainder when 331761 is divided by 111.
93
Calculate the remainder when 99803 is divided by 244.
7
What is the remainder when 145158 is divided by 726?
684
What is the remainder when 39421 is divided by 767?
304
What is the remainder when 12639 is divided by 113?
96
What is the remainder when 185255 is divided by 27?
8
What is the remainder when 46967 is divided by 1514?
33
Calculate the remainder when 98548 is divided by 18.
16
Calculate the remainder when 6493 is divided by 329.
242
What is the remainder when 4879 is divided by 61?
60
What is the remainder when 37930 is divided by 527?
513
Calculate the remainder when 6086 is divided by 509.
487
What is the remainder when 4537 is divided by 50?
37
Calculate the remainder when 12367 is divided by 146.
103
Calculate the remainder when 84543 is divided by 22.
19
What is the remainder when 16141 is divided by 393?
28
What is the remainder when 71067 is divided by 230?
227
What is the remainder when 196998 is divided by 196996?
2
Calculate the remainder when 13800 is divided by 118.
112
What is the remainder when 836662 is divided by 19?
16
What is the remainder when 78406 is divided by 57?
31
What is the remainder when 3748 is divided by 3722?
26
Calculate the remainder when 7644 is divided by 2499.
147
What is the remainder when 7903 is divided by 358?
27
What is the remainder when 80908 is divided by 29?
27
What is the remainder when 759 is divided by 749?
10
Calculate the remainder when 629878 is divided by 543.
541
Calculate the remainder when 1829 is divided by 134.
87
What is the remainder when 2241149 is divided by 11?
9
Calculate the remainder when 16592 is divided by 8233.
126
What is the remainder when 1961439 is divided by 2080?
2079
What is the remainder when 319166 is divided by 2?
0
Calculate the remainder when 4409157 is divided by 56.
53
Calculate the remainder when 492585 is divided by 25924.
29
Calculate the remainder when 46463 is divided by 33.
32
Calculate the remainder when 3736 is divided by 52.
44
What is the remainder when 29003 is divided by 1403?
943
Calculate the remainder when 5119 is divided by 122.
117
What is the remainder when 4435 is divided by 103?
6
What is the remainder when 22594777 is divided by 1222?
1219
Calculate the remainder when 785665 is divided by 26.
23
What is the remainder when 42980 is divided by 652?
600
What is the remainder when 12997 is divided by 1852?
33
What is the remainder when 3521 is divided by 102?
53
What is the remainder when 9075 is divided by 225?
75
What is the remainder when 18750 is divided by 257?
246
Calculate the remainder when 2441 is divided by 203.
5
What is the remainder when 445228 is divided by 27?
25
Calculate the remainder when 27902 is divided by 547.
5
What is the remainder when 9860 is divided by 173?
172
Calculate the remainder when 330438 is divided by 165200.
38
Calculate the remainder when 36943 is divided by 976.
831
Calculate the remainder when 5433 is divided by 143.
142
What is the remainder when 1637 is divided by 103?
92
Calculate the remainder when 499 is divided by 87.
64
Calculate the remainder when 4254 is divided by 4222.
32
What is the remainder when 2440 is divided by 2430?
10
What is the remainder when 177086 is divided by 2186?
20
Calculate the remainder when 9620 is divided by 739.
13
Calculate the remainder when 56639 is divided by 115.
59
What is the remainder when 250 is divided by 19?
3
Calculate the remainder when 3761 is divided by 351.
251
Calculate the remainder when 24539 is divided by 6129.
23
What is the remainder when 15181 is divided by 4?
1
Calculate the remainder when 39456 is divided by 39439.
17
What is the remainder when 480765 is divided by 22?
21
What is the remainder when 133030 is divided by 33253?
18
What is the remainder when 5034 is divided by 1665?
39
What is the remainder when 43180 is divided by 1491?
1432
What is the remainder when 35116 is divided by 11667?
115
What is the remainder when 30320 is divided by 70?
10
Calculate the remainder when 3942 is divided by 34.
32
Calculate the remainder when 2664 is divided by 635.
124
What is the remainder when 42291 is divided by 3252?
15
Calculate the remainder when 46005 is divided by 4599.
15
What is the remainder when 5450 is divided by 43?
32
What is the remainder when 21107 is divided by 93?
89
Calculate the remainder when 35515 is divided by 2959.
7
Calculate the remainder when 18352 is divided by 2613.
61
What is the remainder when 64141 is divided by 34?
17
What is the remainder when 37678 is divided by 275?
3
What is the remainder when 943689 is divided by 22?
21
What is the remainder when 23280 is divided by 142?
134
Calculate the remainder when 5318 is divided by 45.
8
Calculate the remainder when 10297 is divided by 20.
17
What is the remainder when 3156 is divided by 166?
2
What is the remainder when 318235 is divided by 204?
199
Calculate the remainder when 11262 is divided by 92.
38
What is the remainder when 27126 is divided by 849?
807
Calculate the remainder when 9830 is divided by 2417.
162
Calculate the remainder when 948 is divided by 916.
32
Calculate the remainder when 305493 is divided by 23.
7
What is the remainder when 26788 is divided by 68?
64
Calculate the remainder when 7864341 is divided by 276.
273
What is the remainder when 92845 is divided by 37?
12
Calculate the remainder when 48520 is divided by 118.
22
Calculate the remainder when 393456 is divided by 196688.
80
What is the remainder when 1929 is divided by 956?
17
Calculate the remainder when 1168 is divided by 555.
58
Calculate the remainder when 26474 is divided by 90.
14
What is the remainder when 8660 is divided by 2?
0
Calculate the remainder when 1544768 is divided by 9.
8
What is the remainder when 988 is divided by 133?
57
What is the remainder when 4776 is divided by 15?
6
Calculate the remainder when 4932 is divided by 150.
132
Calculate the remainder when 3112 is divided by 521.
507
Calculate the remainder when 599453 is divided by 524.
521
What is the remainder when 1785 is divided by 401?
181
Calculate the remainder when 48888 is divided by 16289.
21
What is the remainder when 11507 is divided by 10850?
657
Calculate the remainder when 69838 is divided by 72.
70
Calculate the remainder when 97376 is divided by 362.
360
Calculate the remainder when 3483 is divided by 1854.
1629
What is the remainder when 111801 is divided by 227?
117
Calculate the remainder when 282362 is divided by 141179.
4
What is the remainder when 15314 is divided by 37?
33
Calculate the remainder when 